f 206946?
2, 3, 11497
What are the prime factors of 1691244?
2, 3, 109, 431
What are the prime factors of 1538939?
1538939
List the prime factors of 2491838.
2, 563, 2213
What are the prime factors of 11030742?
2, 3, 22697
What are the prime factors of 204786?
2, 3, 31, 367
What are the prime factors of 217948?
2, 23, 103
List the prime factors of 31526.
2, 11, 1433
What are the prime factors of 1455505?
5, 291101
List the prime factors of 171634.
2, 85817
What are the prime factors of 17756171?
17756171
What are the prime factors of 12521582?
2, 31, 201961
List the prime factors of 902508.
2, 3, 75209
List the prime factors of 5260539.
3, 1753513
What are the prime factors of 9847489?
167, 58967
What are the prime factors of 864625?
5, 6917
List the prime factors of 161106.
2, 3, 11, 2441
List the prime factors of 16609728.
2, 3, 86509
List the prime factors of 7275.
3, 5, 97
What are the prime factors of 20965833?
3, 7, 332791
List the prime factors of 2127674.
2, 1063837
List the prime factors of 429054.
2, 3, 43, 1663
List the prime factors of 135462.
2, 3, 107, 211
What are the prime factors of 3861013?
13, 43, 6907
What are the prime factors of 1576676?
2, 394169
What are the prime factors of 1243392?
2, 3, 1619
What are the prime factors of 127283?
13, 9791
List the prime factors of 94827.
3, 73, 433
What are the prime factors of 20847948?
2, 3, 11, 43, 3673
List the prime factors of 288202.
2, 29, 4969
List the prime factors of 531992.
2, 66499
List the prime factors of 3871275.
3, 5, 71, 727
What are the prime factors of 856030?
2, 5, 7, 1747
List the prime factors of 4606424.
2, 593, 971
List the prime factors of 9814477.
9814477
List the prime factors of 220509.
3, 8167
What are the prime factors of 683675?
5, 23, 29, 41
What are the prime factors of 1423776?
2, 3, 14831
List the prime factors of 253728.
2, 3, 881
What are the prime factors of 1091030?
2, 5, 109103
What are the prime factors of 286869?
3, 11, 8693
What are the prime factors of 400801?
487, 823
What are the prime factors of 3247465?
5, 13, 47, 1063
What are the prime factors of 589762?
2, 131, 2251
List the prime factors of 565776.
2, 3, 3929
List the prime factors of 15037260.
2, 3, 5, 7, 35803
List the prime factors of 645001.
7, 92143
List the prime factors of 252652.
2, 83, 761
What are the prime factors of 385558?
2, 263, 733
List the prime factors of 19652889.
3, 6550963
What are the prime factors of 14890659?
3, 7, 29, 499
What are the prime factors of 6866106?
2, 3, 13, 19, 41, 113
List the prime factors of 3590837.
3590837
List the prime factors of 17108821.
3989, 4289
List the prime factors of 925346.
2, 462673
List the prime factors of 238051.
11, 17, 19, 67
What are the prime factors of 205728?
2, 3, 2143
List the prime factors of 2455568.
2, 167, 919
List the prime factors of 142298.
2, 13, 421
What are the prime factors of 1194145?
5, 238829
What are the prime factors of 1263794?
2, 7, 90271
List the prime factors of 563333.
433, 1301
List the prime factors of 19638.
2, 3, 1091
List the prime factors of 6110719.
6110719
What are the prime factors of 6066969?
3, 101, 20023
What are the prime factors of 4594920?
2, 3, 5, 11, 59
What are the prime factors of 4924034?
2, 37, 66541
What are the prime factors of 3907379?
7, 558197
List the prime factors of 544561.
17, 103, 311
List the prime factors of 696207.
3, 239, 971
What are the prime factors of 1314614?
2, 7, 93901
What are the prime factors of 5667870?
2, 3, 5, 13, 14533
What are the prime factors of 2716266?
2, 3, 7, 9239
What are the prime factors of 10099056?
2, 3, 11, 31, 617
What are the prime factors of 5066752?
2, 1237
List the prime factors of 5724459.
3, 13, 47, 347
List the prime factors of 6469343.
6469343
List the prime factors of 219045.
3, 5, 17, 859
What are the prime factors of 4068477?
3, 7, 64579
List the prime factors of 9309841.
29, 251, 1279
What are the prime factors of 56174?
2, 28087
List the prime factors of 376574.
2, 11, 17117
List the prime factors of 16022026.
2, 8011013
List the prime factors of 1697036.
2, 11, 38569
What are the prime factors of 3820421?
11, 41, 43, 197
List the prime factors of 31619512.
2, 29, 73, 1867
What are the prime factors of 513080?
2, 5, 101, 127
List the prime factors of 5148898.
2, 2574449
List the prime factors of 1344997.
31, 43, 1009
List the prime factors of 3716177.
3716177
What are the prime factors of 535859?
535859
List the prime factors of 728521.
728521
What are the prime factors of 839285?
5, 229, 733
List the prime factors of 25901.
59, 439
What are the prime factors of 462566?
2, 13, 17791
List the prime factors of 223133.
223133
What are the prime factors of 218985?
3, 5, 13, 1123
What are the prime factors of 8845587?
3, 982843
List the prime factors of 158730.
2, 3, 5, 11, 13, 37
List the prime factors of 612251.
73, 8387
What are the prime factors of 1632338?
2, 816169
What are the prime factors of 3366071?
229, 14699
List the prime factors of 98487.
3, 31, 353
List the prime factors of 160030.
2, 5, 13, 1231
What are the prime factors of 301954?
2, 17, 83, 107
What are the prime factors of 159757?
13, 12289
What are the prime factors of 350900?
2, 5, 11, 29
List the prime factors of 19688033.
37, 409, 1301
List the prime factors of 867809.
239, 3631
List the prime factors of 57464.
2, 11, 653
List the prime factors of 188010.
2, 3, 5, 2089
What are the prime factors of 269946?
2, 3, 4999
What are the prime factors of 970816?
2, 7, 11, 197
What are the prime factors of 18522078?
2, 3, 17, 41, 43, 103
List the prime factors of 13396217.
41, 326737
List the prime factors of 539611.
97, 5563
What are the prime factors of 3721401?
3, 379, 1091
What are the prime factors of 4433220?
2, 3, 5, 11, 2239
List the prime factors of 1274153.
787, 1619
What are the prime factors of 540918?
2, 3, 7, 53
What are the prime factors of 414734?
2, 207367
List the prime factors of 16411.
16411
What are the prime factors of 3302907?
3, 53, 20773
What are the prime factors of 3506151?
3, 11, 181, 587
List the prime factors of 223648.
2, 29, 241
List the prime factors of 11001693.
3, 3667231
List the prime factors of 14981147.
14981147
List the prime factors of 2466987.
3, 822329
What are the prime factors of 29421973?
7, 4203139
What are the prime factors of 195751?
195751
List the prime factors of 686586.
2, 3, 41, 2791
What are the prime factors of 299019?
3, 7, 29, 491
What are the prime factors of 18327873?
3, 6109291
What are the prime factors of 42328835?
5, 29, 291923
List the prime factors of 5221633.
283, 18451
What are the prime factors of 1098826?
2, 31, 37, 479
List the prime factors of 7604397.
3, 197, 4289
List the prime factors of 7191484.
2, 727, 2473
What are the prime factors of 20886717?
3, 53, 131363
What are the prime factors of 2947205?
5, 17, 34673
List the prime factors of 3581492.
2, 17, 31, 1699
List the prime factors of 369761.
7, 101, 523
What are the prime factors of 16552969?
73, 226753
What are the prime factors of 210896?
2, 7, 269
What are the prime factors of 7406584?
2, 925823
List the prime factors of 2159364.
2, 3, 179947
What are the prime factors of 6691076?
2, 7, 238967
What are the prime factors of 674025?
3, 5, 11, 19, 43
What are the prime factors of 3785477?
61, 62057
What are the prime factors of 738212?
2, 184553
List the prime factors of 2953240.
2, 5, 17, 43, 101
What are the prime factors of 182765?
5, 11, 3323
What are the prime factors of 142114?
2, 7, 10151
What are the prime factors of 84860?
2, 5, 4243
What are the prime factors of 73857?
3, 7, 3517
List the prime factors of 389329.
19, 31, 661
What are the prime factors of 8955836?
2, 2238959
List the prime factors of 763808.
2, 23869
What are the prime factors of 8570762?
2, 4285381
What are the prime factors of 7506865?
5, 59, 25447
List the prime factors of 627198.
2, 3, 11, 13, 17, 43
What are the prime factors of 2385899?
17, 293, 479
What are the prime factors of 460075?
5, 7, 11, 239
What are the prime factors of 152502?
2, 3, 7, 3631
List the prime factors of 7807442.
2, 19, 23, 8933
What are the prime factors of 46946?
2, 23473
List the prime factors of 225778.
2, 7, 16127
List the prime factors of 13164.
2, 3, 1097
List the prim